+ -4 + 2 + -2?
10
Calculate (5 + -4 - 4) + (10 - (-1 - -10)).
-2
Evaluate (-21 - (-11 + -18)) + 9 + 0.
17
Calculate 17 + (-4 - 12 - -1).
2
2 - ((-6 - -26) + -15) - -13
10
What is the value of (-10 - -2) + 22 + -6 - 19?
-11
What is the value of (0 - (-19 + 13)) + -13?
-7
What is the value of 53 + -34 + 23 - 24?
18
Calculate -5 + -29 + (-14 - -27) + -4.
-25
What is the value of (-23 + 20 - 14) + 21?
4
(7 + -7 - 1) + -8
-9
What is 40 + -10 + -12 + 2 + -5?
15
What is the value of 15 + -3 + (-11 - 5)?
-4
Calculate 2 + 19 - (-22 + 15).
28
10 + 1 + 3 - (0 + -29 + 24)
19
What is the value of (-7 - -14 - 9) + -17?
-19
What is the value of (-20 - (0 + 0)) + 14 + -68 + 46?
-28
What is (-34 - -15) + 5 - (-1 + -2 + 8)?
-19
-1303 + 1305 + (-1 - -15)
16
Evaluate (3 - (5 + -9 - -16)) + 24.
15
What is the value of 39 + (26 + -11 - 34) + (5 - -2)?
27
What is the value of -1 + -1 + 2 + (3 - -12 - 1)?
14
Evaluate 0 + (2 - 31) + (-91 - -73 - -22).
-25
What is the value of -4 + 13 + -6 + 3 + 1 + -6?
1
What is the value of 0 - (4 - -4) - (-10 + 19)?
-17
What is (-45 - 2) + 921 + -898?
-24
What is (0 - -9) + (71 - 77)?
3
What is the value of 1 - ((4 - 10) + 13 + -1)?
-5
-19 - (1 - 7 - (28 + -30))
-15
What is 130 - 136 - (2 - 1) - (-4 - -1)?
-4
What is 3 - (4 - 1 - (18 + -2 + -7))?
9
Calculate -33 + 61 + -30 - (-7 - 0).
5
Calculate 11 - (11 + -10 + 8).
2
Evaluate (6 - 1) + (-3 - -13 - 6).
9
Evaluate 5 + 3 - (127 + -138).
19
Calculate 3 - (-6 - (-10 - 7)).
-8
Calculate -32 + 12 + (18 - 18).
-20
What is the value of 2 + 1 + (12 - 0) + 66 + -73?
8
What is the value of -14 + 0 + 143 + -113?
16
What is -19 - -10 - -8 - (4 - 23)?
18
0 + (-13 + 8 - -14 - 15)
-6
What is the value of (-1 - -6) + (5 - 5) + (3 - 26)?
-18
What is -25 + (24 - 11) + 17?
5
-16 - (-13 - 11 - (0 + -12))
-4
16 + 12 + -30 + (-1 - -8) - 16
-11
Calculate -23 + (10 - -18) - (-2 + 3 + -6).
10
What is 5 + (3 - (-12 - -15 - 21))?
26
What is (-2 - 1) + 3 - (13 - (4 - -12))?
3
What is 30 - ((12 + -14 - -31) + -14)?
15
What is 12 + -8 + -27 + 14?
-9
Calculate -14 - (-1 + 6 + (-12 + 13 - 3)).
-17
What is 30 + 20 + -34 - (2 + 15)?
-1
What is the value of -217 + 191 - (-3 + -29)?
6
-6 - 1 - (2 + 7)
-16
What is 9 + -22 + 3 + 3?
-7
-10 + (35 - 11) - 0
14
Calculate -20 + 1 - (0 + (-14 - 0 - -16)).
-21
What is the value of (6 - 5) + -2 - (-7 - (-6 - 2))?
-2
What is (-65 - -47) + (-3 + -2 - -10)?
-13
-22 - (16 - 41 - 24)
27
(-37 + -3 - (1 - 17)) + -12
-36
Evaluate 3 - (-5 + 3) - (-4 - (-22 - -2)).
-11
Calculate (-12 - (-6 + -8)) + 10.
12
What is (-154 - -148) + (-1 - -4)?
-3
(-28 - ((-1 - -6) + (11 - 19))) + 1
-24
What is the value of 10 + (-25 - -19) + 3 + 0?
7
Calculate -78 - -112 - (71 + -6).
-31
What is 2 - ((1 - 0) + -10 + (234 - 225))?
2
Evaluate (0 - (-1 - 2)) + -3 - (2 + -1).
-1
What is the value of -43 + 42 - ((4 - 3) + -3 + 1)?
0
What is the value of 13 - (-10 + (-10 - -18))?
15
What is (1 - (-8 + 2 - -13)) + -13 - 6?
-25
Evaluate 11 - 3 - (0 - (12 + -4 - 7)).
9
What is 16 - (7 + (7 - (-12 - -25)))?
15
Calculate -12 - (-41 + 21) - 11.
-3
0 - (-13 + 16 + (-1 - 2))
0
(-2 + -10 - -21) + -16
-7
Calculate 1 - -39 - (-2176 + 2197).
19
What is the value of 17 - (40 - 72 - -31)?
18
Calculate ((20 - -24) + -15 - -3) + -10.
22
Calculate (3 - (-2 - (-2 + 3))) + -820 + 824.
10
Evaluate 0 - 4 - (-91 + 85 - (-5 - 0)).
-3
5 - (2 + (1 - 3 - -3)) - 4
-2
(0 - (2 + 2)) + (-627 - -619)
-12
Evaluate -11 - (8 - (0 - (-8 - 4))).
-7
(3 + (4 - 7) - -7) + -86 + 59
-20
-772 + 795 + 1 + -41
-17
Evaluate -12 + (15 - (3 + 2 + 8)).
-10
Evaluate (14 - -6 - 3) + -7 + -8.
2
23 + 2 + -2 + (-16 + 13 - 4)
16
Evaluate 10 - (-9 + 6 + 26).
-13
What is the value of 2 + -2 - ((13 - 6) + -3)?
-4
-17 - ((-9 - -1) + -1) - 5
-13
Calculate -28 + 23 + 0 + 23.
18
What is -7 + (-17 - -32) - (-1 - 2)?
11
What is 1 - -8 - (-302 + 317)?
-6
What is the value of 25 - (-3 - (-9 - 3) - 1)?
17
What is -6 + -3 + 5 + -15 + 2?
-17
What is (22 - (19 + -3)) + -15?
-9
Calculate -6 + -1 - (43 - 1 - 49).
0
What is (75 - 63 - -2) + -40 + 0?
-26
What is the value of (-5 + 11 - -4) + -22?
-12
Calculate -1 + 3 + 4 + (-1 - 4 - -7).
8
Evaluate -20 + (-1 - -20) - -3.
2
Evaluate (-30 - -10) + (-11 + 32 - 8).
-7
8 + -4 - (10 + 5 + -7 + 1)
-5
Calculate -11 - (-14 + 16 + -12 + -5).
4
Calculate -3 - (11 + -7 + -6 + 11).
-12
Calculate 11 + 18 + -28 + 11.
12
What is -7 + 2 + 0 + (-67 - -64) + -5?
-13
What is the value of 84 + -61 - 25 - (1 + (1 - -15))?
-19
-5 + (-8 + 6 - -7) - -1
1
What is the value of -17 + (16 + -27 - -21) - -14?
7
Calculate -1 + -82 - (882 - 924).
-41
Evaluate -57 + 71 + -27 + -17.
-30
Evaluate 15 + -8 + (-10 - 4).
-7
What is the value of 24 + 21 - 15 - 46?
-16
Calculate 0 + 50 + 15 + -54 + 20.
31
Calculate -12 + 6 + -47 + 16 + 16.
-21
Evaluate (-3 - (13 + -12)) + 5 - (-1 + 0).
2
What is 5 - (32 + -9 - 5) - 1?
-14
13 - 14 - (1 - (8 - 4))
2
What is the value of (2 - 1) + 424 + -407 - 14?
4
Evaluate 1008 - 978 - (-1 - -14).
17
Calculate (2 - 2 - -6 - 12) + -2 + 19.
11
What is the value of (-10 - (-17 + 0) - (-2 + 11)) + -18?
-20
What is (17 - 1) + 2 + 83 + -58 + -20?
23
-1 + (-85 - -75 - (-1 - 4))
-6
Calculate 10 + (-5 + -4 - 6) - 8.
-13
What is the value of 4 + -9 + -18 + -9?
-32
What is 3 - (276 + -275 - (2 - 12))?
-8
Evaluate 14 + (6 - 8 - 6) + 9 + 4.
19
Calculate 4 + (9 + -8 + 7 - 15).
-3
(18 - 1 - (88 - 99)) + -12
16
What is the value of -9 - (8 + 0 - (60 + -7 - 12))?
24
Evaluate -3 + -1 - (-25 + (-15 - -32)).
4
What is the value of (21 - (-17 + 26)) + 9?
21
22 - (27 + -3 + -2)
0
What is (14 - 36 - -31) + 19?
28
Calculate -5 + -53 - -40 - (-38 + -2).
22
Calculate 24 + (22 - 29) - -2.
19
Calculate ((1 - 0) + 6 - 7) + -2.
-2
15 - (0 + (17 - 13))
11
Evaluate (-161 - -143) + -3 + (0 - -11).
-10
What is -20 + 15 - (-3 - (-4 - -5) - 6)?
5
What is 3 - (-9 - -7) - 10?
-5
-38 - -6 - (-12 + 6 + -8)
-18
11 - (1 - (-6 + 8)) - 1
11
Evaluate -4 + 15 - 17 - (2 + (2 - -5)).
-15
17 - (-1 + (1 - -14))
3
What is the value of 1 - 3 - (16 + (-25 - 1) + 12)?
-4
(-26 - -31) + (-11 - 0)
-6
Evaluate -9 + (-4 - 1 - -5) + 12.
3
(4 - 1) + (4 - 0) + 52 + -64
-5
Evaluate (-13 - -8) + 5 + (4 - (2 + -4)).
6
What is 12 + -12 + 6 + (-2 - (6 - 6))?
4
What is the value of (-7 - (14 + -15)) + 1 + (0 - 3)?
-8
Evaluate 6 - ((3 - (5 - 2)) + 11) - 15.
-20
What is the value of 25 - (28 - 14) - 19?
-8
-57 + 39 - ((1 - -2) + (0 - 9))
-12
Evaluate -5 + 35 + (-1 - 5 - 4).
20
What is (0 + (-4 - -1) - (-98 + 98)) + 12?
9
What is -1 + -10 - 4 - (45 + -47)?
-13
Evaluate -20 + (0 - -2) - (-16 + 14).
-16
What is the value of (-2 - (15 + -1)) + (11 - -3) + -18?
-20
-1 + -43 + -36 + -85 + 134
-31
Calculate -10 - (1 + -1 + -3).
-7
Calculate -3 + -4 + -1 + 5 - 8.
-11
Calculate 41 + -72 + 41 + 13 + 0.
23
(-7 - -1 - 11) + 10
-7
What is (-208 - -206) + 22 + 1?
21
What is -4 + (6 - 0) + (1 - 0) + -5?
-2
What is the value of (-11 - (36 - 47)) + (-8 - 0)?
-8
Evaluate -1 + 1 + -15 - 7.
-22
Calculate -8 + -5 + 33 + (8 - 16).
12
What is the value of 4 - 0 - (11 + -2 + (-18 - -7))?
6
What is -13 - (-12 - (0 - 12 - -2))?
-11
What is the value of -5 + -7 + 24 + -6?
6
What is 63 + 4 + -77 + 36?
26
What is the value of -1 - ((1 - (-5 - -15)) + -10)?
18
Evaluate (-2 - (-6 - 2) - 2) + -3 + 0.
1
Evaluate (5 - 6) + (-1 - 3) + -9 + 14.
0
Calculate 16 + -17 + 13 + -2.
10
Evaluate -14 - -9 - -16 - 10.
1
Evaluate (-5 - -4 - -21) + -42 + 41.
19
Calculate (-1409 - -1410) + (1 - (-20 - -2)).
20
Calculate (7 - (-2 - 1)) + -13 + 7 + 9.
13
What is 11 - -1 - (132 - 122)?
2
Calculate 29 - 10 - (-86 - -116).
-11
0 - (-21 - (12 - 13))
20
Calculate (-3 - (-7 + 8)) + (-1 + 6 - 3).
-2
Evaluate -3 - ((8 - -4) + -19 + 5).
-1
What is -80 + 82 + 4 + 1 + 16?
23
What is -7 - -2 - (-4 - 11)?
10
What is the value of (16 - -1 - (4 + 3)) + 3 - 8?
5
19 - (-9 + 28) - (2 - (3 - 0))
1
What is the value of 17 + (9 - 7 - 7) - 5?
7
Evaluate -3 + (-16 - -6) + 13.
0
Evaluate 27 - (-4 - 17 - -40).
8
What is the value of -43 + 43 + (-3 - -1)?
-2
Calculate 9 + 1 - (92 - 60).
-22
What is the value of 14 + 9 + -19 - (-13 + 11)?
6
Calculate (-16 - 0) + -353 + 374.
5
What is 12 + (2 + -8 - 0)?
6
What is (0 - 4) + (-6 - 0)?
-10
What is the value of (16 - (-2 + 14 + (-41 - -38))) + -23?
-16
Evaluate -12 - (10 - (16 + -1)) - (-1 + 12).
-18
What is (-11 - (12 + -17)) + -1?
-7
Wh